 (base 4) to base 11.
98
What is 3605 (base 7) in base 16?
530
-2115 (base 7) to base 12
-523
What is -3330110 (base 4) in base 11?
-11150
311122 (base 5) to base 6
115014
What is -32325 (base 7) in base 13?
-3888
-523 (base 12) to base 4
-23223
Convert -95 (base 13) to base 5.
-442
Convert -110642 (base 8) to base 9.
-56124
Convert -72616 (base 8) to base 12.
-154ba
Convert 10201121 (base 3) to base 9.
3647
What is -58a (base 16) in base 13?
-851
What is 13858 (base 12) in base 5?
1332030
Convert -24389 (base 10) to base 7.
-131051
2581 (base 12) to base 14
17b3
9121 (base 12) to base 9
23507
-40244 (base 7) to base 16
-2606
Convert 60 (base 8) to base 10.
48
Convert -104510 (base 6) to base 15.
-2936
Convert -132 (base 14) to base 10.
-240
-b60 (base 15) to base 16
-a05
What is -2457 (base 8) in base 16?
-52f
-2266 (base 8) to base 14
-622
What is -40521 (base 7) in base 15?
-2dc9
-132034 (base 6) to base 4
-2331112
Convert 1324 (base 10) to base 11.
aa4
Convert -52831 (base 9) to base 4.
-20201323
What is 201212212 (base 3) in base 15?
4465
What is c00 (base 16) in base 6?
22120
-46 (base 10) to base 2
-101110
-12c0 (base 14) to base 16
-ce8
What is -12212222 (base 3) in base 7?
-15341
Convert -125 (base 13) to base 3.
-21102
Convert 10132 (base 4) to base 5.
2121
What is d (base 14) in base 8?
15
-17b53 (base 14) to base 15
-12b03
-3003 (base 5) to base 15
-1a3
Convert 104443 (base 6) to base 10.
8811
What is 112220202 (base 3) in base 9?
15822
What is a2 (base 14) in base 12?
ba
What is 6a66 (base 13) in base 14?
5644
Convert -453 (base 6) to base 7.
-342
What is 3291 (base 14) in base 6?
104303
What is -540 (base 9) in base 11?
-371
Convert 8334 (base 9) to base 11.
4651
Convert -1211 (base 13) to base 8.
-4765
Convert -11276 (base 9) to base 15.
-2366
Convert 512 (base 15) to base 8.
2166
Convert -1861 (base 10) to base 8.
-3505
What is -612 (base 8) in base 3?
-112121
54260 (base 8) to base 2
101100010110000
Convert -10bc (base 14) to base 2.
-101101011110
Convert 144003 (base 6) to base 7.
55212
Convert 1140324 (base 6) to base 8.
164534
What is 100120033 (base 4) in base 8?
203017
What is 20023 (base 4) in base 7?
1345
Convert 2a0 (base 13) to base 9.
570
21411 (base 5) to base 15
68b
What is 104132 (base 5) in base 4?
321103
What is 1130231 (base 4) in base 16?
172d
30786 (base 12) to base 3
10012212010
What is 33310 (base 5) in base 15?
a55
10111011110 (base 2) to base 3
2001122
Convert ab20 (base 13) to base 16.
5d2f
2414 (base 9) to base 16
703
Convert 210221002 (base 3) to base 7.
64415
Convert 1011100101010000 (base 2) to base 14.
13408
287b (base 12) to base 15
15d8
Convert -12232 (base 6) to base 10.
-1820
-5442 (base 8) to base 10
-2850
Convert 2201012 (base 3) to base 16.
7b8
-1275 (base 10) to base 8
-2373
Convert 8255 (base 12) to base 2.
11011101100001
Convert 2101211 (base 3) to base 9.
2354
-caa (base 16) to base 12
-1a62
What is 3105 (base 8) in base 5?
22410
Convert -102004 (base 5) to base 11.
-25a2
What is -12010 (base 3) in base 2?
-10001010
3f9 (base 16) to base 3
1101200
What is 111111101 (base 2) in base 14?
285
What is 1232 (base 4) in base 11?
a0
Convert 685 (base 12) to base 2.
1111000101
-20312 (base 4) to base 6
-2342
What is -51 (base 6) in base 16?
-1f
-11cc (base 16) to base 10
-4556
Convert -2 (base 15) to base 13.
-2
What is 3412 (base 8) in base 16?
70a
What is -1798 (base 11) in base 16?
-8ed
Convert 13018 (base 9) to base 12.
50a5
What is -1011010001111 (base 2) in base 6?
-42423
What is 3203313 (base 4) in base 15?
44c3
What is 9eed (base 16) in base 7?
226421
Convert -10000001100 (base 2) to base 14.
-540
What is 2010101 (base 3) in base 15?
6d4
What is -30221 (base 4) in base 9?
-1088
What is 234c (base 13) in base 9?
6726
What is 13300 (base 7) in base 4?
313321
3362 (base 12) to base 6
42202
-7307 (base 12) to base 13
-5923
11012202 (base 3) to base 8
5777
What is -19e (base 15) in base 11?
-310
Convert -2466 (base 8) to base 15.
-5de
What is -7240 (base 9) in base 13?
-254a
What is 11100001001001 (base 2) in base 13?
6735
Convert -505 (base 11) to base 15.
-2aa
What is -34c (base 13) in base 4?
-20323
Convert 40379 (base 10) to base 2.
1001110110111011
-14213 (base 6) to base 14
-b61
Convert 1c8 (base 15) to base 4.
12131
-136 (base 13) to base 6
-554
Convert 3642 (base 15) to base 2.
10110100010001
35ab (base 12) to base 11
4597
What is 44280 (base 11) in base 8?
175332
100111110101100 (base 2) to base 8
47654
What is 1012343 (base 6) in base 11?
334a9
What is 1000110010 (base 2) in base 10?
562
-c07 (base 14) to base 16
-937
What is -17b (base 12) in base 13?
-155
Convert -7245 (base 8) to base 6.
-25205
11111101000 (base 2) to base 9
2688
425 (base 6) to base 10
161
-3416 (base 12) to base 10
-5778
Convert -957 (base 15) to base 16.
-83b
Convert 150542 (base 6) to base 5.
430322
43757 (base 8) to base 6
221131
Convert -16707 (base 8) to base 2.
-1110111000111
Convert 1501 (base 8) to base 4.
31001
What is 110111 (base 4) in base 14?
68d
Convert 10001 (base 7) to base 4.
211202
What is 145 (base 14) in base 2?
100000001
What is -bae9 (base 15) in base 8?
-115252
Convert -2ae (base 16) to base 4.
-22232
Convert -6544 (base 10) to base 11.
-4a0a
Convert 395 (base 10) to base 12.
28b
-2525 (base 8) to base 9
-1776
Convert -102022002 (base 3) to base 10.
-8237
Convert aaa (base 11) to base 7.
3610
421 (base 8) to base 9
333
What is -4144 (base 8) in base 5?
-32043
Convert 4473 (base 9) to base 3.
11112110
What is -494 (base 12) in base 9?
-844
What is 3201 (base 8) in base 6?
11413
5f9 (base 16) to base 9
2078
-12202 (base 5) to base 10
-927
What is 1018 (base 9) in base 10?
746
What is -26 (base 11) in base 13?
-22
Convert 227 (base 8) to base 12.
107
Convert -95a (base 15) to base 9.
-2804
What is -1a8c1 (base 13) in base 5?
-3131130
Convert 3817 (base 9) to base 4.
230203
10111001000101 (base 2) to base 14
4461
Convert -165 (base 11) to base 5.
-1232
Convert 34613 (base 7) to base 14.
3343
Convert -6367 (base 13) to base 7.
-55105
Convert 23122 (base 5) to base 7.
4563
Convert 281a (base 11) to base 15.
1136
Convert 1c2e (base 16) to base 3.
100220012
Convert -5557 (base 8) to base 15.
-d02
Convert -2433 (base 8) to base 14.
-695
-20042 (base 5) to base 7
-3465
Convert 1a5 (base 11) to base 15.
10b
433223 (base 5) to base 6
152325
-5731 (base 10) to base 6
-42311
What is 12001 (base 5) in base 11?
727
What is 306 (base 14) in base 9?
730
Convert 346 (base 8) to base 16.
e6
What is -101011011 (base 2) in base 6?
-1335
744 (base 11) to base 14
47d
Convert -10 (base 5) to base 16.
-5
Convert -21222011 (base 3) to base 6.
-42521
Convert 415 (base 16) to base 2.
10000010101
What is -10313310 (base 4) in base 6?
-232220
103340 (base 5) to base 13
1837
11100101000 (base 2) to base 16
728
-2226 (base 9) to base 7
-4536
-44531 (base 10) to base 6
-542055
Convert 100111122 (base 3) to base 14.
274d
Convert 15591 (base 10) to base 11.
10794
Convert -133300 (base 4) to base 12.
-1214
209 (base 13) to base 7
1004
-2361 (base 10) to base 5
-33421
2e73 (base 15) to base 5
310013
What is 20002002 (base 3) in base 6?
32302
-2028 (base 9) to base 11
-112a
442a (base 12) to base 15
2367
-2773 (base 15) to base 4
-2003301
What is -569 (base 14) in base 8?
-2061
140244 (base 5) to base 12
336b
What is -1c07 (base 15) in base 12?
-362a
Convert 63c (base 16) to base 7.
4440
What is -222a (base 13) in base 2?
-1001010100000
-1001011000 (base 2) to base 5
-4400
What is -10a (base 11) in base 7?
-245
Convert 12120 (base 3) to base 9.
176
-f4 (base 16) to base 10
-244
30240 (base 6) to base 16
f90
What is -331a (base 15) in base 16?
-2a49
Convert 22643 (base 9) to base 6.
153533
What is 1564 (base 12) in base 6?
15404
-20024 (base 6) to base 4
-220300
Convert 604 (base 13) to base 4.
33322
35311 (base 6) to base 3
20222021
Convert -1011001 (base 2) to base 7.
-155
Convert 66 (base 12) to base 15.
53
What is -4380 (base 13) in base 5?
-300044
What is -28a (base 14) in base 11?
-428
What is 302 (base 11) in base 16?
16d
Convert -5cc8 (base 14) to base 10.
-16248
What is 2214 (base 6) in base 15?
244
-66735 (base 8) to base 15
-8500
Convert 10234 (base 8) to base 10.
4252
Convert 3151 (base 10) to base 7.
12121
Conv